{"id":30756,"date":"2025-05-31T11:45:45","date_gmt":"2025-05-31T08:45:45","guid":{"rendered":"https:\/\/vitavia.ee\/kasvuhoone\/?post_type=product&#038;p=30756"},"modified":"2025-08-25T11:37:18","modified_gmt":"2025-08-25T08:37:18","slug":"seinalle-kiinnitettava-kasvihuone-acd-mr3h","status":"publish","type":"product","link":"https:\/\/fi.vitavia.ee\/kasvuhoone\/tuote\/seinalle-kiinnitettava-kasvihuone-acd-mr3h\/","title":{"rendered":"Sein\u00e4lle kiinnitett\u00e4v\u00e4 kasvihuone ACD MR3H"},"content":{"rendered":"<p>Vieh\u00e4tt\u00e4v\u00e4 ja laadukas sein\u00e4lle kiinnitett\u00e4v\u00e4 kasvihuone puutarhanhoidon harrastajille, jotka <strong>k\u00e4yt\u00e4nn\u00f6n tarpeidensa lis\u00e4ksi<\/strong> n\u00e4kev\u00e4t kasvihuoneen my\u00f6s <strong>koriste-elementtin\u00e4, joka sopii harmonisesti puutarhaan<\/strong> .<br \/>\n<strong>Korkealuokkaiset kasvihuoneemme<\/strong> sopivat ihanteellisesti jokaiselle puutarhurille \u2013 sek\u00e4 niille, jotka aikovat kasvattaa siell\u00e4 vihanneksia, ett\u00e4 niille, jotka haluavat k\u00e4ytt\u00e4\u00e4 sit\u00e4 my\u00f6s lepo- ja rentoutumispaikkana.<br \/>\nJa kaikki t\u00e4m\u00e4 <strong>parhaalla hinta<\/strong> -laatusuhteella!<br \/>\n<strong>Rungon v\u00e4ri:<\/strong> Kasvihuone on saatavana joko alumiininharmaalla tai pulverimaalatulla mustalla rungolla. Lis\u00e4maksusta voimme maalata kasvihuoneen rungon muihin RAL-v\u00e4reihin.<\/p>\n<p>MITAT JA TIEDOT:<\/p>\n<ul>\n<li style=\"list-style-type: none;\">\n<ul>\n<li>Klassinen 232 cm leve\u00e4 kasvihuone, saatavana 7 eri pituutta tai 7 eri kokoa.<\/li>\n<li>Yhden oven mitat ovat 185 x 68 cm. Kasvihuoneen takasein\u00e4\u00e4n on mahdollista tilata lis\u00e4ovi. Sivulle voidaan tilata my\u00f6s lis\u00e4ovia, jolloin yhden oven koko on 165 cm x 74 cm.<\/li>\n<li>Suuret kattoikkunat 84 cm x 73 cm takaavat hyv\u00e4n ilmankierron. Kattoikkunoiden m\u00e4\u00e4r\u00e4 riippuu kasvihuoneen koosta. Tarvittaessa voidaan tilata lis\u00e4\u00e4 kattoikkunoita.<\/li>\n<li>Harjan korkeus pohjarunko mukaan lukien on 298 cm ja sivusein\u00e4n korkeus pohjarunko mukaan lukien 179 cm. Sen mukana toimitetaan kaksi alumiinista sadevesiputkea.<\/li>\n<li>Kasvihuoneella on 12 vuoden tehdastakuu.<\/li>\n<\/ul>\n<\/li>\n<\/ul>\n<p><strong>Kasvihuone voidaan kiinnitt\u00e4\u00e4 alustarungolla suoraan maahan, mihin tahansa valmistettuun kivi- tai puupintaan ja varmasti my\u00f6s betoni- tai lohkoperustukseen.<\/strong><br \/>\nVahva alumiinirunko antaa kasvihuoneelle lis\u00e4\u00e4 vakautta ja tekee kokoamisesta paljon helpompaa. Pohjakehys on valmistettu tukevasta karapellist\u00e4 ja se on 2-kammioinen, mik\u00e4 antaa sille erityisen suuren j\u00e4ykkyyden esimerkiksi pakkasta vastaan. Pohjakehykseen on kiinnitetty ankkurik\u00f6ydet, jotka voidaan kaivaa maahan tai kaataa sekaan. N\u00e4in ollen alakehys voi my\u00f6s korvata erillisen perustuksen.<\/p>\n<p>Kasvihuoneen <strong>4 mm:n karkaistu lasi<\/strong> on jopa 7 kertaa vahvempi kuin tavallinen kasvihuonelasi. T\u00e4m\u00e4 merkitsee suurempaa turvallisuutta kokoonpanon ja my\u00f6hemm\u00e4n k\u00e4yt\u00f6n aikana. Jos lasi rikkoutuu, siit\u00e4 ei tule vaarallisia ter\u00e4vi\u00e4 sirpaleita, vaan vain lasinsiruja, kuten auton ikkunan rikkoutuessa. T\u00e4m\u00e4 puru ei vahingoita eik\u00e4 h\u00e4iritse kasvihuoneen maaper\u00e4\u00e4.<\/p>\n<p><img loading=\"lazy\" decoding=\"async\" class=\"alignnone size-medium wp-image-10160\" src=\"https:\/\/mwlconstruct.eu\/e-pood\/wp-content\/uploads\/2020\/10\/Tugeva_raamiga_kasvuhoone-300x202.jpg\" alt=\"\" width=\"300\" height=\"202\" \/><a href=\"https:\/\/mwlconstruct.eu\/e-pood\/wp-content\/uploads\/2020\/10\/ACD-kasvuhooned-ja-aiapaviljonid.jpg\"><img loading=\"lazy\" decoding=\"async\" class=\"alignnone wp-image-10172 size-medium\" src=\"https:\/\/mwlconstruct.eu\/e-pood\/wp-content\/uploads\/2020\/10\/ACD-kasvuhooned-ja-aiapaviljonid-300x225.jpg\" alt=\"\" width=\"300\" height=\"225\" \/><\/a><\/p>\n<table id=\"customers\">\n<tbody>\n<tr>\n<td class=\"r3ptp\" colspan=\"4\">MR3-tyyppisess\u00e4 kasvihuoneessa on seitsem\u00e4n eri pituista mallia:<\/td>\n<\/tr>\n<tr>\n<th>Malli<\/th>\n<th>Pituus<\/th>\n<th>M\u00b2<\/th>\n<th>Tuuletusluukku<\/th>\n<\/tr>\n<tr>\n<td>MR204H<\/td>\n<td>2,98 m<\/td>\n<td>6.91<\/td>\n<td>1<\/td>\n<\/tr>\n<tr>\n<td>MR205H<\/td>\n<td>3,71 m<\/td>\n<td>8.61<\/td>\n<td>1<\/td>\n<\/tr>\n<tr>\n<td>MR206H<\/td>\n<td>4,45 m<\/td>\n<td>10.32<\/td>\n<td>2<\/td>\n<\/tr>\n<tr>\n<td>MR207H<\/td>\n<td>5,19 m<\/td>\n<td>12.04<\/td>\n<td>3<\/td>\n<\/tr>\n<tr>\n<td>MR208H<\/td>\n<td>5,93 metri\u00e4<\/td>\n<td>13.76<\/td>\n<td>3<\/td>\n<\/tr>\n<tr>\n<td>MR209H<\/td>\n<td>6,67 m<\/td>\n<td>15.47<\/td>\n<td>4<\/td>\n<\/tr>\n<tr>\n<td>MR210H<\/td>\n<td>7,41 m<\/td>\n<td>17.19<\/td>\n<td>4<\/td>\n<\/tr>\n<\/tbody>\n<\/table>\n","protected":false},"excerpt":{"rendered":"<p>Leveys 2.32m x pituus 2.98-7.41m=6.91-17.19m\u00b2.<\/p>\n","protected":false},"featured_media":32193,"comment_status":"closed","ping_status":"closed","template":"","meta":[],"product_brand":[],"product_cat":[233],"product_tag":[351,1667,352,353,354,355,1081,349,1084,1775,350],"class_list":{"0":"post-30756","1":"product","2":"type-product","3":"status-publish","4":"has-post-thumbnail","6":"product_cat-seinakasvihuoneet","7":"product_tag-kasvihuone-fi","8":"product_tag-karkaistu-lasi","9":"product_tag-kasvihuone-fi-2","10":"product_tag-kasvihuoneet-fi","11":"product_tag-triiphone-fi","12":"product_tag-triplex-fi","13":"product_tag-seinalle-kiinnitettava-kasvihuone","14":"product_tag-kasvihuone","15":"product_tag-seinakasvihuone","16":"product_tag-sivut-karkaistua-lasia-ja-katto-karkaistua-himmeaa-lasia","17":"product_tag-kasvihuoneet","18":"pa_kattematerjal-sivut-4-mm-karkaistu-lasi-ja-katto-4-mm-karkaistu-himmea-lasi","19":"pa_kulje-korgus-179-m-fi","20":"pa_laius-232-m-fi","21":"pa_pikkus-445-m-fi","22":"pa_pikkus-298-m-fi","23":"pa_pikkus-667-m-fi","24":"pa_pikkus-741-m-fi","25":"pa_pikkus-371-m-fi","26":"pa_pikkus-519-m-fi","27":"pa_pikkus-593-m-fi","28":"pa_varv-jauhemaalattu-musta-ral-9005","29":"pa_varv-jauhemaalattu-muissa-ral-vareissa","30":"pa_varv-vakiolaatuinen-alumiini","31":"infinite-scroll-item","32":"no-featured-image-padding","33":"sales-flash-overlay","34":"woocommerce-text-align-left","35":"woocommerce-image-align-center","36":"do-quantity-buttons","38":"first","39":"instock","40":"sale","41":"shipping-taxable","42":"purchasable","43":"product-type-variable","44":"has-default-attributes"},"_links":{"self":[{"href":"https:\/\/fi.vitavia.ee\/kasvuhoone\/wp-json\/wp\/v2\/product\/30756","targetHints":{"allow":["GET"]}}],"collection":[{"href":"https:\/\/fi.vitavia.ee\/kasvuhoone\/wp-json\/wp\/v2\/product"}],"about":[{"href":"https:\/\/fi.vitavia.ee\/kasvuhoone\/wp-json\/wp\/v2\/types\/product"}],"replies":[{"embeddable":true,"href":"https:\/\/fi.vitavia.ee\/kasvuhoone\/wp-json\/wp\/v2\/comments?post=30756"}],"wp:featuredmedia":[{"embeddable":true,"href":"https:\/\/fi.vitavia.ee\/kasvuhoone\/wp-json\/wp\/v2\/media\/32193"}],"wp:attachment":[{"href":"https:\/\/fi.vitavia.ee\/kasvuhoone\/wp-json\/wp\/v2\/media?parent=30756"}],"wp:term":[{"taxonomy":"product_brand","embeddable":true,"href":"https:\/\/fi.vitavia.ee\/kasvuhoone\/wp-json\/wp\/v2\/product_brand?post=30756"},{"taxonomy":"product_cat","embeddable":true,"href":"https:\/\/fi.vitavia.ee\/kasvuhoone\/wp-json\/wp\/v2\/product_cat?post=30756"},{"taxonomy":"product_tag","embeddable":true,"href":"https:\/\/fi.vitavia.ee\/kasvuhoone\/wp-json\/wp\/v2\/product_tag?post=30756"}],"curies":[{"name":"wp","href":"https:\/\/api.w.org\/{rel}","templated":true}]}}