{"id":29836,"date":"2018-04-02T11:41:47","date_gmt":"2025-02-11T19:26:42","guid":{"rendered":"https:\/\/vitavia.ee\/kasvuhoone\/toode\/venttiili-veden-maaran-saatamiseen\/"},"modified":"2025-02-11T22:26:42","modified_gmt":"2025-02-11T19:26:42","slug":"venttiili-veden-maaran-saatamiseen","status":"publish","type":"product","link":"https:\/\/fi.vitavia.ee\/kasvuhoone\/tuote\/venttiili-veden-maaran-saatamiseen\/","title":{"rendered":"Venttiili veden m\u00e4\u00e4r\u00e4n s\u00e4\u00e4t\u00e4miseen"},"content":{"rendered":"<p>Venttiili vesim\u00e4\u00e4r\u00e4n s\u00e4\u00e4t\u00f6\u00f6n kasteluj\u00e4rjestelm\u00e4n ja vesijohdon v\u00e4lill\u00e4.<br \/>\n Venttiilin avulla voit s\u00e4\u00e4t\u00e4\u00e4 veden m\u00e4\u00e4r\u00e4\u00e4 vesijohdosta kasteluj\u00e4rjestelm\u00e4\u00e4n. On mahdollista s\u00e4\u00e4t\u00e4\u00e4 kastelua 10 &#8211; 100 litraa vett\u00e4 p\u00e4iv\u00e4ss\u00e4. <\/p>\n","protected":false},"excerpt":{"rendered":"<p>Venttiili vesim\u00e4\u00e4r\u00e4n s\u00e4\u00e4t\u00f6\u00f6n kasteluj\u00e4rjestelm\u00e4n ja vesijohdon v\u00e4lill\u00e4. Venttiilin avulla voit s\u00e4\u00e4t\u00e4\u00e4 veden m\u00e4\u00e4r\u00e4\u00e4 vesijohdosta kasteluj\u00e4rjestelm\u00e4\u00e4n. On mahdollista s\u00e4\u00e4t\u00e4\u00e4 kastelua 10 &#8211; 100 litraa vett\u00e4 p\u00e4iv\u00e4ss\u00e4.<\/p>\n","protected":false},"featured_media":3978,"comment_status":"closed","ping_status":"closed","template":"","meta":[],"product_brand":[],"product_cat":[221],"product_tag":[],"class_list":{"0":"post-29836","1":"product","2":"type-product","3":"status-publish","4":"has-post-thumbnail","6":"product_cat-kasvihuoneen-lisavaruste","7":"infinite-scroll-item","8":"no-featured-image-padding","9":"sales-flash-overlay","10":"woocommerce-text-align-left","11":"woocommerce-image-align-center","12":"do-quantity-buttons","14":"first","15":"instock","16":"sale","17":"shipping-taxable","18":"purchasable","19":"product-type-simple"},"_links":{"self":[{"href":"https:\/\/fi.vitavia.ee\/kasvuhoone\/wp-json\/wp\/v2\/product\/29836","targetHints":{"allow":["GET"]}}],"collection":[{"href":"https:\/\/fi.vitavia.ee\/kasvuhoone\/wp-json\/wp\/v2\/product"}],"about":[{"href":"https:\/\/fi.vitavia.ee\/kasvuhoone\/wp-json\/wp\/v2\/types\/product"}],"replies":[{"embeddable":true,"href":"https:\/\/fi.vitavia.ee\/kasvuhoone\/wp-json\/wp\/v2\/comments?post=29836"}],"wp:featuredmedia":[{"embeddable":true,"href":"https:\/\/fi.vitavia.ee\/kasvuhoone\/wp-json\/wp\/v2\/media\/3978"}],"wp:attachment":[{"href":"https:\/\/fi.vitavia.ee\/kasvuhoone\/wp-json\/wp\/v2\/media?parent=29836"}],"wp:term":[{"taxonomy":"product_brand","embeddable":true,"href":"https:\/\/fi.vitavia.ee\/kasvuhoone\/wp-json\/wp\/v2\/product_brand?post=29836"},{"taxonomy":"product_cat","embeddable":true,"href":"https:\/\/fi.vitavia.ee\/kasvuhoone\/wp-json\/wp\/v2\/product_cat?post=29836"},{"taxonomy":"product_tag","embeddable":true,"href":"https:\/\/fi.vitavia.ee\/kasvuhoone\/wp-json\/wp\/v2\/product_tag?post=29836"}],"curies":[{"name":"wp","href":"https:\/\/api.w.org\/{rel}","templated":true}]}}