{"id":29720,"date":"2021-02-11T16:13:36","date_gmt":"2025-02-11T18:12:01","guid":{"rendered":"https:\/\/vitavia.ee\/kasvuhoone\/toode\/ylikulkusilta-kasvihuoneen-rungon-yli-ajamiseen\/"},"modified":"2025-02-11T21:12:01","modified_gmt":"2025-02-11T18:12:01","slug":"ylikulkusilta-kasvihuoneen-rungon-yli-ajamiseen","status":"publish","type":"product","link":"https:\/\/fi.vitavia.ee\/kasvuhoone\/tuote\/ylikulkusilta-kasvihuoneen-rungon-yli-ajamiseen\/","title":{"rendered":"Ylikulkusilta kasvihuoneen rungon yli ajamiseen"},"content":{"rendered":"<p>Suunniteltu kasvihuoneeseen menemiseen puutarhak\u00e4rryll\u00e4 pohjarungon p\u00e4\u00e4ll\u00e4. Sopii <a href=\"https:\/\/vitavia.ee\/kasvuhoone\/tootekategooria\/kasvuhooned\/prestige\/\">Prestige-<\/a> ja Star-kasvihuonemalleihin. 2 osaa yhdess\u00e4 setiss\u00e4.<\/p>\n","protected":false},"excerpt":{"rendered":"<p>Suunniteltu kasvihuoneeseen menemiseen puutarhak\u00e4rryll\u00e4 pohjarungon p\u00e4\u00e4ll\u00e4. Sopii Prestige- ja Star-kasvihuonemalleihin. 2 osaa yhdess\u00e4 setiss\u00e4.<\/p>\n","protected":false},"featured_media":10307,"comment_status":"closed","ping_status":"closed","template":"","meta":[],"product_brand":[],"product_cat":[221],"product_tag":[],"class_list":{"0":"post-29720","1":"product","2":"type-product","3":"status-publish","4":"has-post-thumbnail","6":"product_cat-kasvihuoneen-lisavaruste","7":"infinite-scroll-item","8":"no-featured-image-padding","9":"sales-flash-overlay","10":"woocommerce-text-align-left","11":"woocommerce-image-align-center","12":"do-quantity-buttons","14":"first","15":"instock","16":"shipping-taxable","17":"purchasable","18":"product-type-simple"},"_links":{"self":[{"href":"https:\/\/fi.vitavia.ee\/kasvuhoone\/wp-json\/wp\/v2\/product\/29720","targetHints":{"allow":["GET"]}}],"collection":[{"href":"https:\/\/fi.vitavia.ee\/kasvuhoone\/wp-json\/wp\/v2\/product"}],"about":[{"href":"https:\/\/fi.vitavia.ee\/kasvuhoone\/wp-json\/wp\/v2\/types\/product"}],"replies":[{"embeddable":true,"href":"https:\/\/fi.vitavia.ee\/kasvuhoone\/wp-json\/wp\/v2\/comments?post=29720"}],"wp:featuredmedia":[{"embeddable":true,"href":"https:\/\/fi.vitavia.ee\/kasvuhoone\/wp-json\/wp\/v2\/media\/10307"}],"wp:attachment":[{"href":"https:\/\/fi.vitavia.ee\/kasvuhoone\/wp-json\/wp\/v2\/media?parent=29720"}],"wp:term":[{"taxonomy":"product_brand","embeddable":true,"href":"https:\/\/fi.vitavia.ee\/kasvuhoone\/wp-json\/wp\/v2\/product_brand?post=29720"},{"taxonomy":"product_cat","embeddable":true,"href":"https:\/\/fi.vitavia.ee\/kasvuhoone\/wp-json\/wp\/v2\/product_cat?post=29720"},{"taxonomy":"product_tag","embeddable":true,"href":"https:\/\/fi.vitavia.ee\/kasvuhoone\/wp-json\/wp\/v2\/product_tag?post=29720"}],"curies":[{"name":"wp","href":"https:\/\/api.w.org\/{rel}","templated":true}]}}