{"id":19650,"date":"2023-01-29T10:25:58","date_gmt":"2023-05-24T03:24:58","guid":{"rendered":"https:\/\/vitavia.ee\/kasvuhoone\/toode\/kasvihuone-vitavia-phoenix-9900\/"},"modified":"2023-05-24T06:24:58","modified_gmt":"2023-05-24T03:24:58","slug":"kasvihuone-vitavia-phoenix-9900","status":"publish","type":"product","link":"https:\/\/fi.vitavia.ee\/kasvuhoone\/tuote\/kasvihuone-vitavia-phoenix-9900\/","title":{"rendered":"Kasvihuone Vitavia Phoenix 9900"},"content":{"rendered":"<h3><strong>Vitavia PHOENIX &#8211; tyylik\u00e4s kasvihuone tilavalla sis\u00e4\u00e4nk\u00e4ynnill\u00e4 ja matalalla ovisarjalla.<\/strong><\/h3>\n<p>2,57 m leve\u00e4 kasvihuone on saatavana kahdessa eri pituudessa.<br \/>\nTilavassa kasvihuoneessa on tilaa sek\u00e4 kasveille ett\u00e4 mukavalle oleskelualueelle.<\/p>\n<p>Phoenix-kasvihuoneissa on my\u00f6s riitt\u00e4v\u00e4sti tilaa sisustaa se ainutlaatuisella ja mielenkiintoisella tavalla.<\/p>\n<p>Kasvihuoneessa on 2 liukuovea.<\/p>\n<p>Kasvihuoneen etuosassa on kaksinkertaiset liukuovet kooltaan 1,22 m x 1,99 m, jotka voidaan kiinnitt\u00e4\u00e4 eri avoimiin asentoihin.<br \/>\nMy\u00f6s sadevesikourut kuuluvat vakiovarusteisiin.<\/p>\n<p>Phoenix-kasvihuoneissa on nelj\u00e4 kattoikkunaa.<\/p>\n<p><strong>Phoenix-kasvihuoneen eri mallien kokotaulukko:<\/strong><\/p>\n<div class=\"tabel-scroll-x\">\n<table class=\"spec\" border=\"0\">\n<tbody>\n<tr>\n<th style=\"text-align: left;\" width=\"90\">Malli<\/th>\n<th style=\"text-align: left;\" width=\"72\">Alue<\/th>\n<th style=\"text-align: left;\" width=\"72\">Pituus<\/th>\n<th style=\"text-align: left;\" width=\"72\">Leveys<\/th>\n<th style=\"text-align: left;\" width=\"72\">Sivu<\/th>\n<th style=\"text-align: left;\" width=\"72\">Korkeus<\/th>\n<th style=\"text-align: left;\" width=\"50\">Aknaid<\/th>\n<\/tr>\n<tr>\n<td>Phoenix 9900<\/td>\n<td>9<sup>.9m2<\/sup><\/td>\n<td>3.84m<\/td>\n<td>2.57m<\/td>\n<td>1,54 m<\/td>\n<td>2,48 m<\/td>\n<td>4<\/td>\n<\/tr>\n<tr>\n<td>Phoenix 11500<\/td>\n<td>11<sup>.5m2<\/sup><\/td>\n<td>4.46m<\/td>\n<td>2.57m<\/td>\n<td>1,54 m<\/td>\n<td>2,48 m<\/td>\n<td>4<\/td>\n<\/tr>\n<\/tbody>\n<\/table>\n<\/div>\n<p><em>&#8211; v\u00e4rivaihtoehtoina harmaa ja musta<br \/>\n&#8211; 3 mm lasi kansina<br \/>\n&#8211; Kaksinkertaiset liukuvat etuovet<br \/>\n&#8211; 4 kattoikkunaa<br \/>\n&#8211; Kaikissa malleissa on vakiovarusteena pohjarunko matalalla ovisarjalla ja jalat kasvihuoneen kiinnitt\u00e4miseksi maahan.<\/em><\/p>\n<p>Runko on valmistettu anodisoidusta alumiinista (takaa alumiinin pitk\u00e4kestoisen kauniin ulkon\u00e4\u00f6n ja kest\u00e4vyyden) ja saatavana my\u00f6s jauhemaalatun mustana.<\/p>\n<p>On mahdollista tilata erilaisia lis\u00e4varusteita: ikkuna, alempi tuuletusluukku, automaattinen ikkunanavaaja, sis\u00e4hyllyt jne.<\/p>\n<p><strong><a href=\"http:\/\/mwlconstruct.eu\/e-pood\/tootekategooria\/kasvuhoone-lisavarustus\/\" target=\"_blank\" rel=\"noopener noreferrer\">Katso lis\u00e4varusteet<\/a><\/strong><\/p>\n<p><em>S\u00e4\u00e4ti\u00f6 ei todellakaan ole v\u00e4ltt\u00e4m\u00e4t\u00f6n, mutta toivottava.<br \/>\nJos kasvihuoneessa on pohjakehys, se voidaan kiinnitt\u00e4\u00e4 nurmikkoon tai muuhun valmisteltuun pintaan.<br \/>\nHinta ei sis\u00e4ll\u00e4 perusrunkoa.<\/em><\/p>\n<h3><a href=\"https:\/\/youtu.be\/-4zXyeMetnM\" target=\"_blank\" rel=\"noopener noreferrer\">Vitavian esittelyvideo  <\/a><\/h3>\n","protected":false},"excerpt":{"rendered":"<p><span title=\"Katso kaikki mitat alla olevasta taulukosta\">2,57 m x 3,83 m = 9,9 m\u00b2<\/span><br \/>\n<span style=\"color: #f5bd2f;\"><strong>Kuukausimaksu al. 165,85 \u20ac<\/strong><\/span><\/p>\n","protected":false},"featured_media":15731,"comment_status":"closed","ping_status":"closed","template":"","meta":[],"product_brand":[],"product_cat":[1446],"product_tag":[351,352,353,354,1685,355,1242,469,349,350],"class_list":{"0":"post-19650","1":"product","2":"type-product","3":"status-publish","4":"has-post-thumbnail","6":"product_cat-phoenix-fi","7":"product_tag-kasvihuone-fi","8":"product_tag-kasvihuone-fi-2","9":"product_tag-kasvihuoneet-fi","10":"product_tag-triiphone-fi","11":"product_tag-lasi","12":"product_tag-triplex-fi","13":"product_tag-phoenix-fi","14":"product_tag-vitavia-fi","15":"product_tag-kasvihuone","16":"product_tag-kasvihuoneet","17":"pa_kattematerjal-lasi","18":"pa_kattematerjal-karkaistu-lasi","19":"pa_kulje-korgus-154-m-fi","20":"pa_laius-257-m-fi","21":"pa_pikkus-383-m-fi","22":"pa_pindala-99-m2-fi","23":"pa_pindala_vahemik-9-12-m-fi","24":"pa_tipu-korgus-248-m-fi","25":"pa_varv-musta","26":"pa_varv-halli","27":"infinite-scroll-item","28":"no-featured-image-padding","29":"sales-flash-overlay","30":"woocommerce-text-align-left","31":"woocommerce-image-align-center","32":"do-quantity-buttons","34":"first","35":"instock","36":"sale","37":"shipping-taxable","38":"purchasable","39":"product-type-variable"},"_links":{"self":[{"href":"https:\/\/fi.vitavia.ee\/kasvuhoone\/wp-json\/wp\/v2\/product\/19650","targetHints":{"allow":["GET"]}}],"collection":[{"href":"https:\/\/fi.vitavia.ee\/kasvuhoone\/wp-json\/wp\/v2\/product"}],"about":[{"href":"https:\/\/fi.vitavia.ee\/kasvuhoone\/wp-json\/wp\/v2\/types\/product"}],"replies":[{"embeddable":true,"href":"https:\/\/fi.vitavia.ee\/kasvuhoone\/wp-json\/wp\/v2\/comments?post=19650"}],"wp:featuredmedia":[{"embeddable":true,"href":"https:\/\/fi.vitavia.ee\/kasvuhoone\/wp-json\/wp\/v2\/media\/15731"}],"wp:attachment":[{"href":"https:\/\/fi.vitavia.ee\/kasvuhoone\/wp-json\/wp\/v2\/media?parent=19650"}],"wp:term":[{"taxonomy":"product_brand","embeddable":true,"href":"https:\/\/fi.vitavia.ee\/kasvuhoone\/wp-json\/wp\/v2\/product_brand?post=19650"},{"taxonomy":"product_cat","embeddable":true,"href":"https:\/\/fi.vitavia.ee\/kasvuhoone\/wp-json\/wp\/v2\/product_cat?post=19650"},{"taxonomy":"product_tag","embeddable":true,"href":"https:\/\/fi.vitavia.ee\/kasvuhoone\/wp-json\/wp\/v2\/product_tag?post=19650"}],"curies":[{"name":"wp","href":"https:\/\/api.w.org\/{rel}","templated":true}]}}