{"id":19613,"date":"2021-02-08T19:34:08","date_gmt":"2023-05-23T09:52:13","guid":{"rendered":"https:\/\/vitavia.ee\/kasvuhoone\/toode\/kasvihuone-aurelie-1026-m%c2%b2\/"},"modified":"2023-05-23T12:52:13","modified_gmt":"2023-05-23T09:52:13","slug":"kasvihuone-aurelie","status":"publish","type":"product","link":"https:\/\/fi.vitavia.ee\/kasvuhoone\/tuote\/kasvihuone-aurelie\/","title":{"rendered":"Kasvihuone Aurelie &#8211; 10,26 m\u00b2"},"content":{"rendered":"<p style=\"text-align: left;\">Ihanteellinen ratkaisu kaikille puutarhaharrastajille, jotka puutarhanhoidon lis\u00e4ksi nauttivat my\u00f6s yksinkertaisesti oleskelusta puutarhassa kasvien kanssa &#8211; s\u00e4\u00e4st\u00e4 riippumatta.<br \/>\nKorkealuokkaiset kasvihuoneemme ja puutarhavajamme ovat ihanteellisia, kun haluat pident\u00e4\u00e4 aikaa ulkona sek\u00e4 vihannesten viljelyyn ett\u00e4 puutarhavajaksi.<br \/>\nAjattele sit\u00e4 tuulelta ja sateelta suojattuna terassina &#8211; kun olet sis\u00e4ll\u00e4, se on kuin ulkona.<br \/>\nJa kaikki t\u00e4m\u00e4 parhaaseen vastineeseen rahalle!<\/p>\n<p><strong>MITATTU:<\/strong><\/p>\n<ul>\n<li>Erityisen muotoinen kasvihuone tai puutarhapaviljonki on T-muotoinen. Kasvihuoneen kokonaisleveys on 303 cm ja kokonaispituus 371 cm. P\u00e4\u00e4tyseinien leveys on 232 cm ja pinta-ala 10,26 m\u00b2, tilavuus 19,90 m\u00b3. Oven koko on 185 x 68 cm.<\/li>\n<li>Kattoharjanteen korkeus perusrunko mukaan lukien on 235 cm ja sivusein\u00e4n korkeus perusrunko mukaan lukien on 179 cm.<\/li>\n<li>Suuret kattoaukot, 78 cm x 73 cm, takaavat hyv\u00e4n ilmankierron.<\/li>\n<li>Kasvihuoneessa on my\u00f6s sadevesiputket.<\/li>\n<li>Lasipinnan kokonaispinta-ala on 31,67 m\u00b2.<\/li>\n<\/ul>\n<p><strong>Kasvihuone voidaan kiinnitt\u00e4\u00e4 suoraan maahan perusrungolla, mihin tahansa valmisteltuun kivi- tai puupintaan ja varmasti my\u00f6s betoni- tai harkkoperustukseen.<\/strong><br \/>\nTukeva alumiininen pohjakehys antaa kasvihuoneelle enemm\u00e4n vakautta ja helpottaa kokoamista huomattavasti. Pohjakehys on valmistettu tukevasta karapellist\u00e4 ja se on 2-kammioinen, mik\u00e4 antaa sille erityisen suuren j\u00e4ykkyyden esimerkiksi pakkasta vastaan. Pohjakehykseen on kiinnitetty ankkurik\u00f6ydet, jotka voidaan kaivaa maahan tai kaataa sekaan. N\u00e4in ollen alakehys voi my\u00f6s korvata erillisen perustuksen.<\/p>\n<p>Kasvihuoneen <strong>4 mm:n karkaistu lasi<\/strong> on jopa 7 kertaa vahvempi kuin tavallinen kasvihuonelasi. T\u00e4m\u00e4 merkitsee suurempaa turvallisuutta kokoonpanon ja my\u00f6hemm\u00e4n k\u00e4yt\u00f6n aikana. Jos lasi rikkoutuu, siit\u00e4 ei tule vaarallisia ter\u00e4vi\u00e4 sirpaleita, vaan vain lasinsiruja, kuten auton ikkunan rikkoutuessa. T\u00e4m\u00e4 puru ei vahingoita eik\u00e4 h\u00e4iritse kasvihuoneen maaper\u00e4\u00e4.<\/p>\n<p><img loading=\"lazy\" decoding=\"async\" class=\"alignnone size-medium wp-image-10160\" src=\"https:\/\/mwlconstruct.eu\/e-pood\/wp-content\/uploads\/2020\/10\/Tugeva_raamiga_kasvuhoone-300x202.jpg\" alt=\"\" width=\"300\" height=\"202\"><a href=\"https:\/\/mwlconstruct.eu\/e-pood\/wp-content\/uploads\/2020\/10\/ACD-kasvuhooned-ja-aiapaviljonid.jpg\"><img loading=\"lazy\" decoding=\"async\" class=\"alignnone wp-image-10172 size-medium\" src=\"https:\/\/mwlconstruct.eu\/e-pood\/wp-content\/uploads\/2020\/10\/ACD-kasvuhooned-ja-aiapaviljonid-300x225.jpg\" alt=\"\" width=\"300\" height=\"225\"><\/a><\/p>\n","protected":false},"excerpt":{"rendered":"<p>3,03 m x 3,71 m = 10,26 m\u00b2<\/p>\n","protected":false},"featured_media":10273,"comment_status":"closed","ping_status":"closed","template":"","meta":[],"product_brand":[],"product_cat":[988],"product_tag":[349,350,1667,351,352,353,354,355],"class_list":{"0":"post-19613","1":"product","2":"type-product","3":"status-publish","4":"has-post-thumbnail","6":"product_cat-prestige-fi","7":"product_tag-kasvihuone","8":"product_tag-kasvihuoneet","9":"product_tag-karkaistu-lasi","10":"product_tag-kasvihuone-fi","11":"product_tag-kasvihuone-fi-2","12":"product_tag-kasvihuoneet-fi","13":"product_tag-triiphone-fi","14":"product_tag-triplex-fi","15":"pa_kattematerjal-karkaistu-lasi","16":"pa_kulje-korgus-179-m-fi","17":"pa_laius-303-m-fi","18":"pa_pikkus-371-m-fi","19":"pa_pindala-1026-m-fi","20":"pa_pindala_vahemik-9-12-m-fi","21":"pa_tipu-korgus-235-m-fi","22":"pa_varv-jauhemaalattu-musta-ral-9005","23":"pa_varv-jauhemaalattu-muissa-ral-vareissa","24":"infinite-scroll-item","25":"no-featured-image-padding","26":"sales-flash-overlay","27":"woocommerce-text-align-left","28":"woocommerce-image-align-center","29":"do-quantity-buttons","31":"first","32":"instock","33":"sale","34":"shipping-taxable","35":"purchasable","36":"product-type-variable","37":"has-default-attributes"},"_links":{"self":[{"href":"https:\/\/fi.vitavia.ee\/kasvuhoone\/wp-json\/wp\/v2\/product\/19613","targetHints":{"allow":["GET"]}}],"collection":[{"href":"https:\/\/fi.vitavia.ee\/kasvuhoone\/wp-json\/wp\/v2\/product"}],"about":[{"href":"https:\/\/fi.vitavia.ee\/kasvuhoone\/wp-json\/wp\/v2\/types\/product"}],"replies":[{"embeddable":true,"href":"https:\/\/fi.vitavia.ee\/kasvuhoone\/wp-json\/wp\/v2\/comments?post=19613"}],"wp:featuredmedia":[{"embeddable":true,"href":"https:\/\/fi.vitavia.ee\/kasvuhoone\/wp-json\/wp\/v2\/media\/10273"}],"wp:attachment":[{"href":"https:\/\/fi.vitavia.ee\/kasvuhoone\/wp-json\/wp\/v2\/media?parent=19613"}],"wp:term":[{"taxonomy":"product_brand","embeddable":true,"href":"https:\/\/fi.vitavia.ee\/kasvuhoone\/wp-json\/wp\/v2\/product_brand?post=19613"},{"taxonomy":"product_cat","embeddable":true,"href":"https:\/\/fi.vitavia.ee\/kasvuhoone\/wp-json\/wp\/v2\/product_cat?post=19613"},{"taxonomy":"product_tag","embeddable":true,"href":"https:\/\/fi.vitavia.ee\/kasvuhoone\/wp-json\/wp\/v2\/product_tag?post=19613"}],"curies":[{"name":"wp","href":"https:\/\/api.w.org\/{rel}","templated":true}]}}