{"id":17840,"date":"2016-01-01T17:15:03","date_gmt":"2016-01-01T17:15:03","guid":{"rendered":"https:\/\/vitavia.ee\/kasvuhoone\/toode\/kasvihuone-vitavia-jupiter-11500-115m%c2%b2\/"},"modified":"2023-05-18T20:37:31","modified_gmt":"2023-05-18T17:37:31","slug":"kasvihuonevitavia-jupiter-11500","status":"publish","type":"product","link":"https:\/\/fi.vitavia.ee\/kasvuhoone\/tuote\/kasvihuonevitavia-jupiter-11500\/","title":{"rendered":"Kasvihuone Vitavia Jupiter 11500 \/ 11,5m\u00b2"},"content":{"rendered":"<h3><strong>Vitavia JUPITER &#8211; tyylik\u00e4s tanskalainen kasvihuone, jossa on tilava sis\u00e4\u00e4nk\u00e4ynti.<\/strong><\/h3>\n<p>2,57 metri\u00e4 leve\u00e4 kasvihuone on saatavana nelj\u00e4n\u00e4 eri pituutena.<br \/>\nTilavassa kasvihuoneessa on tilaa sek\u00e4 kasveille ett\u00e4 mukavalle oleskelualueelle.<\/p>\n<p>Jupiterin kasvihuoneissa on my\u00f6s runsaasti tilaa olla ainutlaatuisia ja mielenkiintoisia.<\/p>\n<p>Kasvihuoneen etuosassa on 1,75 metri\u00e4 korkeat liukuovet. Ovet voidaan kiinnitt\u00e4\u00e4 eri aukiasentoihin.<\/p>\n<p>Jupiterin kasvihuoneissa on vakiona kahdesta nelj\u00e4\u00e4n kattoikkunaa koosta riippuen.<\/p>\n<p><strong>Jupiterin kasvihuoneen kokotaulukko eri malleille:<\/strong><\/p>\n<div class=\"tabel-scroll-x\">\n<table class=\"spec\" border=\"0\">\n<tbody>\n<tr>\n<th style=\"text-align: left;\" width=\"90\">Malli<\/th>\n<th style=\"text-align: left;\" width=\"72\">Alue<\/th>\n<th style=\"text-align: left;\" width=\"72\">Pituus<\/th>\n<th style=\"text-align: left;\" width=\"72\">Leveys<\/th>\n<th style=\"text-align: left;\" width=\"72\">Sivu<\/th>\n<th style=\"text-align: left;\" width=\"72\">Korkeus<\/th>\n<th style=\"text-align: left;\" width=\"50\">Aknaid<\/th>\n<\/tr>\n<tr>\n<td>Jupiter 6700<\/td>\n<td>6<sup>.7m2<\/sup><\/td>\n<td>2.58m<\/td>\n<td>2.57m<\/td>\n<td>1.51m<\/td>\n<td>2.46m<\/td>\n<td>2<\/td>\n<\/tr>\n<tr>\n<td>Jupiter 8300<\/td>\n<td>8<sup>.3m2<\/sup><\/td>\n<td>3.21m<\/td>\n<td>2.57m<\/td>\n<td>1.51m<\/td>\n<td>2.46m<\/td>\n<td>4<\/td>\n<\/tr>\n<tr>\n<td>Jupiter 9900<\/td>\n<td>9<sup>.9m2<\/sup><\/td>\n<td>3.84m<\/td>\n<td>2.57m<\/td>\n<td>1.51m<\/td>\n<td>2.46m<\/td>\n<td>4<\/td>\n<\/tr>\n<tr>\n<td>Jupiter 11500<\/td>\n<td>11<sup>.5m2<\/sup><\/td>\n<td>4.46m<\/td>\n<td>2.57m<\/td>\n<td>1.51m<\/td>\n<td>2.46m<\/td>\n<td>4<\/td>\n<\/tr>\n<\/tbody>\n<\/table>\n<\/div>\n<p><em>&#8211; Saatavana harmaana ja vihre\u00e4n\u00e4. Musta kahdessa suuremmassa mallissa.<br \/>\n&#8211; Voidaan p\u00e4\u00e4llyst\u00e4\u00e4 3 mm:n lasilla tai 6 mm:n polykarbonaatilla.<br \/>\n&#8211; Kaksinkertaiset liukuvat etuovet<br \/>\n&#8211; 2-4 kattoikkunaa<br \/>\n&#8211; Peruskehys saatavana kaikkiin malleihin<br \/>\n<\/em><\/p>\n<p>Runko on valmistettu anodisoidusta alumiinista (joka antaa alumiinille pitk\u00e4aikaisen kauniin ulkon\u00e4\u00f6n ja kest\u00e4vyyden), ja se on saatavana my\u00f6s pulverimaalattuna.<\/p>\n<p>Erilaisia lis\u00e4varusteita voidaan tilata: ikkuna, pohjan tuuletusluukku, automaattinen ikkunanavaaja, pohjakehys, sis\u00e4iset hyllyt jne.<\/p>\n<p><strong><a href=\"http:\/\/mwlconstruct.eu\/e-pood\/tootekategooria\/kasvuhoone-lisavarustus\/\" target=\"_blank\" rel=\"noopener noreferrer\">Katso lis\u00e4varusteet<\/a><\/strong><\/p>\n<p><em>S\u00e4\u00e4ti\u00f6 ei todellakaan ole v\u00e4ltt\u00e4m\u00e4t\u00f6n, mutta toivottava.<br \/>\nJos kasvihuoneessa on pohjakehys, se voidaan kiinnitt\u00e4\u00e4 nurmikkoon tai muuhun valmisteltuun pintaan.<br \/>\nHinta ei sis\u00e4ll\u00e4 perusrunkoa.<\/em><\/p>\n<h3><a href=\"https:\/\/youtu.be\/-4zXyeMetnM\" target=\"_blank\" rel=\"noopener noreferrer\">Vitavian esittelyvideo<\/a><\/h3>\n","protected":false},"excerpt":{"rendered":"<p><span title=\"Katso kaikki mitat alla olevasta taulukosta\">2.57m x 4.46m = 11.5m\u00b2.<\/span><br \/>\n<a style=\"color: #3a3a3a;\" href=\"https:\/\/vitavia.ee\/wp-content\/uploads\/2020\/05\/Kasvuhoone-Jupiter-paigaldusjuhend.pdf#page=20\" target=\"blanc\" rel=\"noopener\">NB! Kasvihuoneen pohjakehyksen ulkomitat 2544mm x 4410mm<\/a><br \/>\n<span style=\"color: #f5bd2f;\"><strong>Kuukausimaksu alkaen 118,75 \u20ac<\/strong><\/span><\/p>\n","protected":false},"featured_media":12864,"comment_status":"closed","ping_status":"closed","template":"","meta":[],"product_brand":[],"product_cat":[185],"product_tag":[1015,355,1046,1685,469,1686,349,1667,350,1668,351,1708,352,353,354],"class_list":{"0":"post-17840","1":"product","2":"type-product","3":"status-publish","4":"has-post-thumbnail","6":"product_cat-jupiter-fi","7":"product_tag-jupiter-fi","8":"product_tag-triplex-fi","9":"product_tag-tanskalainen-kasvihuone","10":"product_tag-lasi","11":"product_tag-vitavia-fi","12":"product_tag-polykarbonaatti","13":"product_tag-kasvihuone","14":"product_tag-karkaistu-lasi","15":"product_tag-kasvihuoneet","16":"product_tag-sivut-karkaistua-lasia-ja-katto-polykarbonaattia","17":"product_tag-kasvihuone-fi","18":"product_tag-sivut-lasi-ja-katto-polykarbonaattia","19":"product_tag-kasvihuone-fi-2","20":"product_tag-kasvihuoneet-fi","21":"product_tag-triiphone-fi","22":"pa_kattematerjal-karkaistu-lasi","23":"pa_kattematerjal-polykarbonaatti-6-mm","24":"pa_kattematerjal-lasi","25":"pa_kulje-korgus-151-m-fi","26":"pa_laius-257-m-fi","27":"pa_pikkus-446-m-fi","28":"pa_pindala-115-m2-fi","29":"pa_pindala_vahemik-9-12-m-fi","30":"pa_tipu-korgus-246-m-fi","31":"pa_varv-musta","32":"infinite-scroll-item","33":"no-featured-image-padding","34":"sales-flash-overlay","35":"woocommerce-text-align-left","36":"woocommerce-image-align-center","37":"do-quantity-buttons","39":"first","40":"instock","41":"shipping-taxable","42":"purchasable","43":"product-type-variable","44":"has-default-attributes"},"_links":{"self":[{"href":"https:\/\/fi.vitavia.ee\/kasvuhoone\/wp-json\/wp\/v2\/product\/17840","targetHints":{"allow":["GET"]}}],"collection":[{"href":"https:\/\/fi.vitavia.ee\/kasvuhoone\/wp-json\/wp\/v2\/product"}],"about":[{"href":"https:\/\/fi.vitavia.ee\/kasvuhoone\/wp-json\/wp\/v2\/types\/product"}],"replies":[{"embeddable":true,"href":"https:\/\/fi.vitavia.ee\/kasvuhoone\/wp-json\/wp\/v2\/comments?post=17840"}],"wp:featuredmedia":[{"embeddable":true,"href":"https:\/\/fi.vitavia.ee\/kasvuhoone\/wp-json\/wp\/v2\/media\/12864"}],"wp:attachment":[{"href":"https:\/\/fi.vitavia.ee\/kasvuhoone\/wp-json\/wp\/v2\/media?parent=17840"}],"wp:term":[{"taxonomy":"product_brand","embeddable":true,"href":"https:\/\/fi.vitavia.ee\/kasvuhoone\/wp-json\/wp\/v2\/product_brand?post=17840"},{"taxonomy":"product_cat","embeddable":true,"href":"https:\/\/fi.vitavia.ee\/kasvuhoone\/wp-json\/wp\/v2\/product_cat?post=17840"},{"taxonomy":"product_tag","embeddable":true,"href":"https:\/\/fi.vitavia.ee\/kasvuhoone\/wp-json\/wp\/v2\/product_tag?post=17840"}],"curies":[{"name":"wp","href":"https:\/\/api.w.org\/{rel}","templated":true}]}}